{"id":706,"date":"2018-12-15T17:55:35","date_gmt":"2018-12-15T16:55:35","guid":{"rendered":"http:\/\/nunchaku-toulouse.com\/?page_id=706"},"modified":"2019-03-13T15:47:56","modified_gmt":"2019-03-13T14:47:56","slug":"historique","status":"publish","type":"page","link":"https:\/\/nunchaku-toulouse.com\/index.php\/accueil\/historique\/","title":{"rendered":"Historique"},"content":{"rendered":"<h1 class=\"CentrerTitreH1\" style=\"text-align: center;\">Origines du nunchaku<\/h1>\n<p><img data-recalc-dims=\"1\" fetchpriority=\"high\" decoding=\"async\" class=\"size-medium wp-image-707 alignleft\" src=\"https:\/\/i0.wp.com\/nunchaku-toulouse.com\/wp-content\/uploads\/2018\/12\/carte-okinawa.jpg?resize=299%2C300\" alt=\"\" width=\"299\" height=\"300\" srcset=\"https:\/\/i0.wp.com\/nunchaku-toulouse.com\/wp-content\/uploads\/2018\/12\/carte-okinawa.jpg?resize=299%2C300&amp;ssl=1 299w, https:\/\/i0.wp.com\/nunchaku-toulouse.com\/wp-content\/uploads\/2018\/12\/carte-okinawa.jpg?resize=150%2C150&amp;ssl=1 150w, https:\/\/i0.wp.com\/nunchaku-toulouse.com\/wp-content\/uploads\/2018\/12\/carte-okinawa.jpg?w=300&amp;ssl=1 300w\" sizes=\"(max-width: 299px) 100vw, 299px\" \/><\/p>\n<div id=\"carteOkinawa\">L&rsquo;origine du nunchaku est l&rsquo;\u00eele d&rsquo;OKINAWA (Ryukyu).<br \/>\nEn 1429, le roi Sho Hashi a uni les trois parties de l&rsquo;\u00eele en cr\u00e9ant le royaume de Ryukyu. L&rsquo;invasion de l&rsquo;\u00eele par les seigneurs f\u00e9odaux japonais amena la soumission totale des habitants qui se virent interdire toutes les armes possibles. Seuls les nobles et les soldats du roi pouvaient porter une arme.<br \/>\nMais, devant la menace des \u00e9p\u00e9es des soldats et des bandits, le peuple se trouva dans l&rsquo;incapacit\u00e9 de d\u00e9fendre leurs biens et leur famille.<br \/>\nAinsi, les habitants d&rsquo;Okinawa d\u00e9velopp\u00e8rent un art martial \u00e0 mains nues, le Karat\u00e9. Les outils du quotidien devinrent des armes puissantes et mortelles. Le nunchaku \u00e9tait \u00e0 l&rsquo;origine un fl\u00e9au en bois qui servait \u00e0 piler le riz et le bl\u00e9.<\/div>\n<p>D&rsquo;autres th\u00e9ories ont \u00e9t\u00e9 \u00e9nonc\u00e9es sur l&rsquo;origine du nunchaku. Mais n&rsquo;est il pas concevable que plusieurs peuples \u00e0 diff\u00e9rentes \u00e9poques n&rsquo;aient eu l&rsquo;id\u00e9e d&rsquo;utiliser un fl\u00e9au \u00e0 bl\u00e9 comme arme ?<\/p>\n<p>Une th\u00e9orie populaire est que le nunchaku viendrait de la Chine sous Qin Hui (dynastie de chanson). Le nunchaku \u00e9tait appel\u00e9 <cite> <strong>\u5927\u76e4\u9f8d\u68cd<\/strong><\/cite>, signifiant <cite><strong>Le grand b\u00e2ton enroul\u00e9 d&rsquo;un dragon<\/strong><\/cite>. L&rsquo;arme se compose d&rsquo;un long b\u00e2ton et d&rsquo;un b\u00e2ton court reli\u00e9 par du crin de cheval. Cette arme \u00e9tait utilis\u00e9e g\u00e9n\u00e9ralement dans les guerres contre la cavalerie ennemie pour emprisonner des pattes du cheval. Ensuite, l&rsquo;arme s&rsquo;est transform\u00e9e en une arme \u00e0 courte port\u00e9e comme le nunchaku que nous connaissons.<\/p>\n<p>En France, pendant la R\u00e9volution fran\u00e7aise, les outils agricoles dont les fl\u00e9aux ont \u00e9t\u00e9 utilis\u00e9s comme arme par les paysans. Il aura fallu attendre l&rsquo;arriv\u00e9e des arts martiaux en occident et leur d\u00e9mocratisation gr\u00e2ce entre autres aux films de Bruce Lee.<br \/>\nQui n&rsquo;a pas fabriqu\u00e9 son propre nunchaku avec un manche \u00e0 balais apr\u00e8s voir vu l&rsquo;un de ses films ?<\/p>\n","protected":false},"excerpt":{"rendered":"<p>Origines du nunchaku L&rsquo;origine du nunchaku est l&rsquo;\u00eele d&rsquo;OKINAWA (Ryukyu). En 1429, le roi Sho Hashi a uni les trois parties de l&rsquo;\u00eele en cr\u00e9ant&hellip;<\/p>\n","protected":false},"author":1,"featured_media":0,"parent":641,"menu_order":0,"comment_status":"closed","ping_status":"closed","template":"","meta":{"jetpack_post_was_ever_published":false,"footnotes":""},"class_list":["post-706","page","type-page","status-publish","hentry"],"jetpack_sharing_enabled":false,"jetpack_shortlink":"https:\/\/wp.me\/Pam7Fn-bo","brizy_media":[],"_links":{"self":[{"href":"https:\/\/nunchaku-toulouse.com\/index.php\/wp-json\/wp\/v2\/pages\/706","targetHints":{"allow":["GET"]}}],"collection":[{"href":"https:\/\/nunchaku-toulouse.com\/index.php\/wp-json\/wp\/v2\/pages"}],"about":[{"href":"https:\/\/nunchaku-toulouse.com\/index.php\/wp-json\/wp\/v2\/types\/page"}],"author":[{"embeddable":true,"href":"https:\/\/nunchaku-toulouse.com\/index.php\/wp-json\/wp\/v2\/users\/1"}],"replies":[{"embeddable":true,"href":"https:\/\/nunchaku-toulouse.com\/index.php\/wp-json\/wp\/v2\/comments?post=706"}],"version-history":[{"count":1,"href":"https:\/\/nunchaku-toulouse.com\/index.php\/wp-json\/wp\/v2\/pages\/706\/revisions"}],"predecessor-version":[{"id":708,"href":"https:\/\/nunchaku-toulouse.com\/index.php\/wp-json\/wp\/v2\/pages\/706\/revisions\/708"}],"up":[{"embeddable":true,"href":"https:\/\/nunchaku-toulouse.com\/index.php\/wp-json\/wp\/v2\/pages\/641"}],"wp:attachment":[{"href":"https:\/\/nunchaku-toulouse.com\/index.php\/wp-json\/wp\/v2\/media?parent=706"}],"curies":[{"name":"wp","href":"https:\/\/api.w.org\/{rel}","templated":true}]}}